{"id":1880,"date":"2026-02-04T16:20:43","date_gmt":"2026-02-04T15:20:43","guid":{"rendered":"https:\/\/www.mopsmm.pl\/?page_id=1880"},"modified":"2026-03-12T11:41:59","modified_gmt":"2026-03-12T10:41:59","slug":"praca","status":"publish","type":"page","link":"https:\/\/www.mopsmm.pl\/?page_id=1880","title":{"rendered":"Dla ubiegaj\u0105cych sie o stanowisko"},"content":{"rendered":"\n<p><a href=\"https:\/\/www.mopsmm.pl\/wp-content\/uploads\/2024\/09\/Kwestionariusz-osobowy-ubiegajacej-sie-o-zatrudnienie.doc\" target=\"_blank\" rel=\"noreferrer noopener\">Kwestionariusz osobowy ubiegaj\u0105cej si\u0119 o zatrudnienie (edytowalny)<\/a><\/p>\n\n\n\n<p><a href=\"https:\/\/www.mopsmm.pl\/wp-content\/uploads\/2024\/09\/Kwestionariusz-osobowy-ubiegajacej-sie-o-zatrudnienie.pdf\" target=\"_blank\" rel=\"noreferrer noopener\">Kwestionariusz osobowy ubiegaj\u0105cej sie o zatrudnienie PDF<\/a><\/p>\n\n\n\n<p><a href=\"https:\/\/www.mopsmm.pl\/wp-content\/uploads\/2024\/09\/Oswiadczenie-o-posiadaniu-pelnej-zdolnosci-do-czynnosci-prawnych.pdf\" target=\"_blank\" rel=\"noreferrer noopener\">O\u015bwiadczenie o posiadaniu pe\u0142nej zdolno\u015bci do czynno\u015bci prawnych<\/a><\/p>\n\n\n\n<p><a href=\"https:\/\/www.mopsmm.pl\/wp-content\/uploads\/2026\/02\/Oswiadczenia-dla-asystenta-rodziny-w-wersji-edytowalnej.doc\" target=\"_blank\" rel=\"noreferrer noopener\">O\u015bwiadczenie dla asystenta rodziny<\/a><\/p>\n\n\n\n<hr class=\"wp-block-separator has-alpha-channel-opacity\"\/>\n\n\n\n<p class=\"has-text-align-center\">Poszukiwana osoba na stanowisko pomocnicze FIZJOTERAPEUTA\/FIZJOTERAPEUTKA <\/p>\n\n\n\n<figure class=\"wp-block-image size-large\"><a href=\"https:\/\/www.mopsmm.pl\/wp-content\/uploads\/2026\/03\/Ogloszenie-o-prace-fizjoterapeutaka-w-Klubie-Senior.pdf\" target=\"_blank\" rel=\" noreferrer noopener\"><img fetchpriority=\"high\" decoding=\"async\" width=\"724\" height=\"1024\" src=\"https:\/\/www.mopsmm.pl\/wp-content\/uploads\/2026\/03\/Ogloszenie-o-prace-fizjoterapeutaka-w-Klubie-Senior_Strona_1-724x1024.jpg\" alt=\"\" class=\"wp-image-1960\" srcset=\"https:\/\/www.mopsmm.pl\/wp-content\/uploads\/2026\/03\/Ogloszenie-o-prace-fizjoterapeutaka-w-Klubie-Senior_Strona_1-724x1024.jpg 724w, https:\/\/www.mopsmm.pl\/wp-content\/uploads\/2026\/03\/Ogloszenie-o-prace-fizjoterapeutaka-w-Klubie-Senior_Strona_1-212x300.jpg 212w, https:\/\/www.mopsmm.pl\/wp-content\/uploads\/2026\/03\/Ogloszenie-o-prace-fizjoterapeutaka-w-Klubie-Senior_Strona_1-768x1086.jpg 768w, https:\/\/www.mopsmm.pl\/wp-content\/uploads\/2026\/03\/Ogloszenie-o-prace-fizjoterapeutaka-w-Klubie-Senior_Strona_1-1086x1536.jpg 1086w, https:\/\/www.mopsmm.pl\/wp-content\/uploads\/2026\/03\/Ogloszenie-o-prace-fizjoterapeutaka-w-Klubie-Senior_Strona_1-1448x2048.jpg 1448w, https:\/\/www.mopsmm.pl\/wp-content\/uploads\/2026\/03\/Ogloszenie-o-prace-fizjoterapeutaka-w-Klubie-Senior_Strona_1-scaled.jpg 1810w\" sizes=\"(max-width: 724px) 100vw, 724px\" \/><\/a><\/figure>\n\n\n\n<p><a href=\"https:\/\/www.mopsmm.pl\/wp-content\/uploads\/2026\/03\/Ogloszenie-o-prace-fizjoterapeutaka-w-Klubie-Senior.pdf\">Og\u0142oszenie PDF<\/a><\/p>\n\n\n\n<p><\/p>\n","protected":false},"excerpt":{"rendered":"<p>Kwestionariusz osobowy ubiegaj\u0105cej si\u0119 o zatrudnienie (edytowalny) Kwestionariusz osobowy ubiegaj\u0105cej sie o zatrudnienie PDF O\u015bwiadczenie o posiadaniu pe\u0142nej zdolno\u015bci do czynno\u015bci prawnych O\u015bwiadczenie dla asystenta rodziny Poszukiwana osoba na stanowisko pomocnicze FIZJOTERAPEUTA\/FIZJOTERAPEUTKA Og\u0142oszenie PDF<\/p>\n","protected":false},"author":1,"featured_media":0,"parent":0,"menu_order":0,"comment_status":"closed","ping_status":"closed","template":"","meta":{"footnotes":""},"class_list":["post-1880","page","type-page","status-publish","hentry"],"_links":{"self":[{"href":"https:\/\/www.mopsmm.pl\/index.php?rest_route=\/wp\/v2\/pages\/1880","targetHints":{"allow":["GET"]}}],"collection":[{"href":"https:\/\/www.mopsmm.pl\/index.php?rest_route=\/wp\/v2\/pages"}],"about":[{"href":"https:\/\/www.mopsmm.pl\/index.php?rest_route=\/wp\/v2\/types\/page"}],"author":[{"embeddable":true,"href":"https:\/\/www.mopsmm.pl\/index.php?rest_route=\/wp\/v2\/users\/1"}],"replies":[{"embeddable":true,"href":"https:\/\/www.mopsmm.pl\/index.php?rest_route=%2Fwp%2Fv2%2Fcomments&post=1880"}],"version-history":[{"count":12,"href":"https:\/\/www.mopsmm.pl\/index.php?rest_route=\/wp\/v2\/pages\/1880\/revisions"}],"predecessor-version":[{"id":1962,"href":"https:\/\/www.mopsmm.pl\/index.php?rest_route=\/wp\/v2\/pages\/1880\/revisions\/1962"}],"wp:attachment":[{"href":"https:\/\/www.mopsmm.pl\/index.php?rest_route=%2Fwp%2Fv2%2Fmedia&parent=1880"}],"curies":[{"name":"wp","href":"https:\/\/api.w.org\/{rel}","templated":true}]}}