{"id":978,"date":"2024-09-25T13:20:48","date_gmt":"2024-09-25T11:20:48","guid":{"rendered":"https:\/\/www.mopsmm.pl\/?page_id=978"},"modified":"2024-09-25T14:19:31","modified_gmt":"2024-09-25T12:19:31","slug":"realizacje","status":"publish","type":"page","link":"https:\/\/www.mopsmm.pl\/?page_id=978","title":{"rendered":"Realizacje"},"content":{"rendered":"\t\t<div data-elementor-type=\"wp-page\" data-elementor-id=\"978\" class=\"elementor elementor-978\" data-elementor-post-type=\"page\">\n\t\t\t\t<div class=\"elementor-element elementor-element-20bcff2 e-con-full e-flex e-con e-parent\" data-id=\"20bcff2\" data-element_type=\"container\" data-e-type=\"container\">\n\t\t\t\t<\/div>\n\t\t<div class=\"elementor-element elementor-element-6be70f8 e-flex e-con-boxed e-con e-parent\" data-id=\"6be70f8\" data-element_type=\"container\" data-e-type=\"container\">\n\t\t\t\t\t<div class=\"e-con-inner\">\n\t\t\t\t<div class=\"elementor-element elementor-element-681a708 elementor-widget elementor-widget-heading\" data-id=\"681a708\" data-element_type=\"widget\" data-e-type=\"widget\" data-widget_type=\"heading.default\">\n\t\t\t\t<div class=\"elementor-widget-container\">\n\t\t\t\t\t<h2 class=\"elementor-heading-title elementor-size-default\">Realizowane projekty<\/h2>\t\t\t\t<\/div>\n\t\t\t\t<\/div>\n\t\t\t\t\t<\/div>\n\t\t\t\t<\/div>\n\t\t<div class=\"elementor-element elementor-element-cd53656 e-flex e-con-boxed e-con e-parent\" data-id=\"cd53656\" data-element_type=\"container\" data-e-type=\"container\">\n\t\t\t\t\t<div class=\"e-con-inner\">\n\t\t\t\t<div class=\"elementor-element elementor-element-0ef9520 elementor-grid-5 elementor-grid-tablet-2 elementor-grid-mobile-1 elementor-posts--thumbnail-top elementor-card-shadow-yes elementor-posts__hover-gradient elementor-widget elementor-widget-posts\" data-id=\"0ef9520\" data-element_type=\"widget\" data-e-type=\"widget\" data-settings=\"{&quot;cards_columns&quot;:&quot;5&quot;,&quot;cards_columns_tablet&quot;:&quot;2&quot;,&quot;cards_columns_mobile&quot;:&quot;1&quot;,&quot;cards_row_gap&quot;:{&quot;unit&quot;:&quot;px&quot;,&quot;size&quot;:35,&quot;sizes&quot;:[]},&quot;cards_row_gap_tablet&quot;:{&quot;unit&quot;:&quot;px&quot;,&quot;size&quot;:&quot;&quot;,&quot;sizes&quot;:[]},&quot;cards_row_gap_mobile&quot;:{&quot;unit&quot;:&quot;px&quot;,&quot;size&quot;:&quot;&quot;,&quot;sizes&quot;:[]}}\" data-widget_type=\"posts.cards\">\n\t\t\t\t<div class=\"elementor-widget-container\">\n\t\t\t\t\t\t\t<div class=\"elementor-posts-container elementor-posts elementor-posts--skin-cards elementor-grid\" role=\"list\">\n\t\t\t\t<article class=\"elementor-post elementor-grid-item post-1980 post type-post status-publish format-standard has-post-thumbnail hentry category-projekty\" role=\"listitem\">\n\t\t\t<div class=\"elementor-post__card\">\n\t\t\t\t<a class=\"elementor-post__thumbnail__link\" href=\"https:\/\/www.mopsmm.pl\/?p=1980\" tabindex=\"-1\" ><div class=\"elementor-post__thumbnail\"><img fetchpriority=\"high\" decoding=\"async\" width=\"211\" height=\"300\" src=\"https:\/\/www.mopsmm.pl\/wp-content\/uploads\/2026\/03\/plakat-posilek-2026-211x300.jpg\" class=\"attachment-medium size-medium wp-image-1981\" alt=\"\" srcset=\"https:\/\/www.mopsmm.pl\/wp-content\/uploads\/2026\/03\/plakat-posilek-2026-211x300.jpg 211w, https:\/\/www.mopsmm.pl\/wp-content\/uploads\/2026\/03\/plakat-posilek-2026-722x1024.jpg 722w, https:\/\/www.mopsmm.pl\/wp-content\/uploads\/2026\/03\/plakat-posilek-2026-768x1090.jpg 768w, https:\/\/www.mopsmm.pl\/wp-content\/uploads\/2026\/03\/plakat-posilek-2026-1082x1536.jpg 1082w, https:\/\/www.mopsmm.pl\/wp-content\/uploads\/2026\/03\/plakat-posilek-2026-1443x2048.jpg 1443w, https:\/\/www.mopsmm.pl\/wp-content\/uploads\/2026\/03\/plakat-posilek-2026-scaled.jpg 1804w\" sizes=\"(max-width: 211px) 100vw, 211px\" \/><\/div><\/a>\n\t\t\t\t<div class=\"elementor-post__text\">\n\t\t\t\t<h3 class=\"elementor-post__title\">\n\t\t\t<a href=\"https:\/\/www.mopsmm.pl\/?p=1980\" >\n\t\t\t\tPosi\u0142ek w szkole i w domu 2026\t\t\t<\/a>\n\t\t<\/h3>\n\t\t\n\t\t<a class=\"elementor-post__read-more\" href=\"https:\/\/www.mopsmm.pl\/?p=1980\" aria-label=\"Read more about Posi\u0142ek w szkole i w domu 2026\" tabindex=\"-1\" >\n\t\t\tCzytaj wi\u0119cej \u00bb\t\t<\/a>\n\n\t\t\t\t<\/div>\n\t\t\t\t<div class=\"elementor-post__meta-data\">\n\t\t\t\t\t<span class=\"elementor-post-date\">\n\t\t\t2026-03-23\t\t<\/span>\n\t\t\t\t<\/div>\n\t\t\t\t\t<\/div>\n\t\t<\/article>\n\t\t\t\t<article class=\"elementor-post elementor-grid-item post-1379 post type-post status-publish format-standard has-post-thumbnail hentry category-projekty\" role=\"listitem\">\n\t\t\t<div class=\"elementor-post__card\">\n\t\t\t\t<a class=\"elementor-post__thumbnail__link\" href=\"https:\/\/www.mopsmm.pl\/?p=1379\" tabindex=\"-1\" ><div class=\"elementor-post__thumbnail\"><img decoding=\"async\" width=\"211\" height=\"300\" src=\"https:\/\/www.mopsmm.pl\/wp-content\/uploads\/2025\/05\/plakat-posilek-2025-211x300.jpg\" class=\"attachment-medium size-medium wp-image-1380\" alt=\"\" srcset=\"https:\/\/www.mopsmm.pl\/wp-content\/uploads\/2025\/05\/plakat-posilek-2025-211x300.jpg 211w, https:\/\/www.mopsmm.pl\/wp-content\/uploads\/2025\/05\/plakat-posilek-2025-722x1024.jpg 722w, https:\/\/www.mopsmm.pl\/wp-content\/uploads\/2025\/05\/plakat-posilek-2025-768x1090.jpg 768w, https:\/\/www.mopsmm.pl\/wp-content\/uploads\/2025\/05\/plakat-posilek-2025-1082x1536.jpg 1082w, https:\/\/www.mopsmm.pl\/wp-content\/uploads\/2025\/05\/plakat-posilek-2025-1443x2048.jpg 1443w, https:\/\/www.mopsmm.pl\/wp-content\/uploads\/2025\/05\/plakat-posilek-2025-scaled.jpg 1804w\" sizes=\"(max-width: 211px) 100vw, 211px\" \/><\/div><\/a>\n\t\t\t\t<div class=\"elementor-post__text\">\n\t\t\t\t<h3 class=\"elementor-post__title\">\n\t\t\t<a href=\"https:\/\/www.mopsmm.pl\/?p=1379\" >\n\t\t\t\tPosi\u0142ek w szkole i w domu 2025\t\t\t<\/a>\n\t\t<\/h3>\n\t\t\n\t\t<a class=\"elementor-post__read-more\" href=\"https:\/\/www.mopsmm.pl\/?p=1379\" aria-label=\"Read more about Posi\u0142ek w szkole i w domu 2025\" tabindex=\"-1\" >\n\t\t\tCzytaj wi\u0119cej \u00bb\t\t<\/a>\n\n\t\t\t\t<\/div>\n\t\t\t\t<div class=\"elementor-post__meta-data\">\n\t\t\t\t\t<span class=\"elementor-post-date\">\n\t\t\t2025-05-09\t\t<\/span>\n\t\t\t\t<\/div>\n\t\t\t\t\t<\/div>\n\t\t<\/article>\n\t\t\t\t<article class=\"elementor-post elementor-grid-item post-1348 post type-post status-publish format-standard has-post-thumbnail hentry category-projekty\" role=\"listitem\">\n\t\t\t<div class=\"elementor-post__card\">\n\t\t\t\t<a class=\"elementor-post__thumbnail__link\" href=\"https:\/\/www.mopsmm.pl\/?p=1348\" tabindex=\"-1\" ><div class=\"elementor-post__thumbnail\"><img decoding=\"async\" width=\"212\" height=\"300\" src=\"https:\/\/www.mopsmm.pl\/wp-content\/uploads\/2025\/02\/plakat-OW-edycja-2025-212x300.jpg\" class=\"attachment-medium size-medium wp-image-1349\" alt=\"\" srcset=\"https:\/\/www.mopsmm.pl\/wp-content\/uploads\/2025\/02\/plakat-OW-edycja-2025-212x300.jpg 212w, https:\/\/www.mopsmm.pl\/wp-content\/uploads\/2025\/02\/plakat-OW-edycja-2025-724x1024.jpg 724w, https:\/\/www.mopsmm.pl\/wp-content\/uploads\/2025\/02\/plakat-OW-edycja-2025-768x1086.jpg 768w, https:\/\/www.mopsmm.pl\/wp-content\/uploads\/2025\/02\/plakat-OW-edycja-2025-1086x1536.jpg 1086w, https:\/\/www.mopsmm.pl\/wp-content\/uploads\/2025\/02\/plakat-OW-edycja-2025-1448x2048.jpg 1448w, https:\/\/www.mopsmm.pl\/wp-content\/uploads\/2025\/02\/plakat-OW-edycja-2025-scaled.jpg 1810w\" sizes=\"(max-width: 212px) 100vw, 212px\" \/><\/div><\/a>\n\t\t\t\t<div class=\"elementor-post__text\">\n\t\t\t\t<h3 class=\"elementor-post__title\">\n\t\t\t<a href=\"https:\/\/www.mopsmm.pl\/?p=1348\" >\n\t\t\t\tOpieka Wytchnieniowa 2025\t\t\t<\/a>\n\t\t<\/h3>\n\t\t\n\t\t<a class=\"elementor-post__read-more\" href=\"https:\/\/www.mopsmm.pl\/?p=1348\" aria-label=\"Read more about Opieka Wytchnieniowa 2025\" tabindex=\"-1\" >\n\t\t\tCzytaj wi\u0119cej \u00bb\t\t<\/a>\n\n\t\t\t\t<\/div>\n\t\t\t\t<div class=\"elementor-post__meta-data\">\n\t\t\t\t\t<span class=\"elementor-post-date\">\n\t\t\t2025-02-28\t\t<\/span>\n\t\t\t\t<\/div>\n\t\t\t\t\t<\/div>\n\t\t<\/article>\n\t\t\t\t<article class=\"elementor-post elementor-grid-item post-1314 post type-post status-publish format-standard has-post-thumbnail hentry category-projekty\" role=\"listitem\">\n\t\t\t<div class=\"elementor-post__card\">\n\t\t\t\t<a class=\"elementor-post__thumbnail__link\" href=\"https:\/\/www.mopsmm.pl\/?p=1314\" tabindex=\"-1\" ><div class=\"elementor-post__thumbnail\"><img loading=\"lazy\" decoding=\"async\" width=\"212\" height=\"300\" src=\"https:\/\/www.mopsmm.pl\/wp-content\/uploads\/2025\/02\/Korpus-Wsparcia-Seniora-2025-212x300.jpg\" class=\"attachment-medium size-medium wp-image-1315\" alt=\"\" srcset=\"https:\/\/www.mopsmm.pl\/wp-content\/uploads\/2025\/02\/Korpus-Wsparcia-Seniora-2025-212x300.jpg 212w, https:\/\/www.mopsmm.pl\/wp-content\/uploads\/2025\/02\/Korpus-Wsparcia-Seniora-2025-724x1024.jpg 724w, https:\/\/www.mopsmm.pl\/wp-content\/uploads\/2025\/02\/Korpus-Wsparcia-Seniora-2025-768x1086.jpg 768w, https:\/\/www.mopsmm.pl\/wp-content\/uploads\/2025\/02\/Korpus-Wsparcia-Seniora-2025-1086x1536.jpg 1086w, https:\/\/www.mopsmm.pl\/wp-content\/uploads\/2025\/02\/Korpus-Wsparcia-Seniora-2025-1448x2048.jpg 1448w, https:\/\/www.mopsmm.pl\/wp-content\/uploads\/2025\/02\/Korpus-Wsparcia-Seniora-2025-scaled.jpg 1810w\" sizes=\"(max-width: 212px) 100vw, 212px\" \/><\/div><\/a>\n\t\t\t\t<div class=\"elementor-post__text\">\n\t\t\t\t<h3 class=\"elementor-post__title\">\n\t\t\t<a href=\"https:\/\/www.mopsmm.pl\/?p=1314\" >\n\t\t\t\tKorpus Wsparcia Seniora 2025\t\t\t<\/a>\n\t\t<\/h3>\n\t\t\n\t\t<a class=\"elementor-post__read-more\" href=\"https:\/\/www.mopsmm.pl\/?p=1314\" aria-label=\"Read more about Korpus Wsparcia Seniora 2025\" tabindex=\"-1\" >\n\t\t\tCzytaj wi\u0119cej \u00bb\t\t<\/a>\n\n\t\t\t\t<\/div>\n\t\t\t\t<div class=\"elementor-post__meta-data\">\n\t\t\t\t\t<span class=\"elementor-post-date\">\n\t\t\t2025-02-19\t\t<\/span>\n\t\t\t\t<\/div>\n\t\t\t\t\t<\/div>\n\t\t<\/article>\n\t\t\t\t<article class=\"elementor-post elementor-grid-item post-1266 post type-post status-publish format-standard has-post-thumbnail hentry category-projekty\" role=\"listitem\">\n\t\t\t<div class=\"elementor-post__card\">\n\t\t\t\t<a class=\"elementor-post__thumbnail__link\" href=\"https:\/\/www.mopsmm.pl\/?p=1266\" tabindex=\"-1\" ><div class=\"elementor-post__thumbnail\"><img loading=\"lazy\" decoding=\"async\" width=\"212\" height=\"300\" src=\"https:\/\/www.mopsmm.pl\/wp-content\/uploads\/2025\/01\/plakat-AOON-edycja-2025-212x300.jpg\" class=\"attachment-medium size-medium wp-image-1267\" alt=\"\" srcset=\"https:\/\/www.mopsmm.pl\/wp-content\/uploads\/2025\/01\/plakat-AOON-edycja-2025-212x300.jpg 212w, https:\/\/www.mopsmm.pl\/wp-content\/uploads\/2025\/01\/plakat-AOON-edycja-2025-724x1024.jpg 724w, https:\/\/www.mopsmm.pl\/wp-content\/uploads\/2025\/01\/plakat-AOON-edycja-2025-768x1086.jpg 768w, https:\/\/www.mopsmm.pl\/wp-content\/uploads\/2025\/01\/plakat-AOON-edycja-2025-1086x1536.jpg 1086w, https:\/\/www.mopsmm.pl\/wp-content\/uploads\/2025\/01\/plakat-AOON-edycja-2025-1448x2048.jpg 1448w, https:\/\/www.mopsmm.pl\/wp-content\/uploads\/2025\/01\/plakat-AOON-edycja-2025-scaled.jpg 1810w\" sizes=\"(max-width: 212px) 100vw, 212px\" \/><\/div><\/a>\n\t\t\t\t<div class=\"elementor-post__text\">\n\t\t\t\t<h3 class=\"elementor-post__title\">\n\t\t\t<a href=\"https:\/\/www.mopsmm.pl\/?p=1266\" >\n\t\t\t\t\u201eAsystent osobisty osoby z niepe\u0142nosprawno\u015bci\u0105\u201d \u2212 edycja 2025 dla Jednostek Samorz\u0105du Terytorialnego\t\t\t<\/a>\n\t\t<\/h3>\n\t\t\n\t\t<a class=\"elementor-post__read-more\" href=\"https:\/\/www.mopsmm.pl\/?p=1266\" aria-label=\"Read more about \u201eAsystent osobisty osoby z niepe\u0142nosprawno\u015bci\u0105\u201d \u2212 edycja 2025 dla Jednostek Samorz\u0105du Terytorialnego\" tabindex=\"-1\" >\n\t\t\tCzytaj wi\u0119cej \u00bb\t\t<\/a>\n\n\t\t\t\t<\/div>\n\t\t\t\t<div class=\"elementor-post__meta-data\">\n\t\t\t\t\t<span class=\"elementor-post-date\">\n\t\t\t2025-01-27\t\t<\/span>\n\t\t\t\t<\/div>\n\t\t\t\t\t<\/div>\n\t\t<\/article>\n\t\t\t\t<article class=\"elementor-post elementor-grid-item post-2040 post type-post status-publish format-standard has-post-thumbnail hentry category-projekty\" role=\"listitem\">\n\t\t\t<div class=\"elementor-post__card\">\n\t\t\t\t<a class=\"elementor-post__thumbnail__link\" href=\"https:\/\/www.mopsmm.pl\/?p=2040\" tabindex=\"-1\" ><div class=\"elementor-post__thumbnail\"><img loading=\"lazy\" decoding=\"async\" width=\"212\" height=\"300\" src=\"https:\/\/www.mopsmm.pl\/wp-content\/uploads\/2026\/04\/Wsparcie-kobiet-w-ciazy-i-rodzin-Za-zyciem-212x300.png\" class=\"attachment-medium size-medium wp-image-2042\" alt=\"\" srcset=\"https:\/\/www.mopsmm.pl\/wp-content\/uploads\/2026\/04\/Wsparcie-kobiet-w-ciazy-i-rodzin-Za-zyciem-212x300.png 212w, https:\/\/www.mopsmm.pl\/wp-content\/uploads\/2026\/04\/Wsparcie-kobiet-w-ciazy-i-rodzin-Za-zyciem-724x1024.png 724w, https:\/\/www.mopsmm.pl\/wp-content\/uploads\/2026\/04\/Wsparcie-kobiet-w-ciazy-i-rodzin-Za-zyciem-768x1086.png 768w, https:\/\/www.mopsmm.pl\/wp-content\/uploads\/2026\/04\/Wsparcie-kobiet-w-ciazy-i-rodzin-Za-zyciem-1086x1536.png 1086w, https:\/\/www.mopsmm.pl\/wp-content\/uploads\/2026\/04\/Wsparcie-kobiet-w-ciazy-i-rodzin-Za-zyciem-1448x2048.png 1448w, https:\/\/www.mopsmm.pl\/wp-content\/uploads\/2026\/04\/Wsparcie-kobiet-w-ciazy-i-rodzin-Za-zyciem.png 1587w\" sizes=\"(max-width: 212px) 100vw, 212px\" \/><\/div><\/a>\n\t\t\t\t<div class=\"elementor-post__text\">\n\t\t\t\t<h3 class=\"elementor-post__title\">\n\t\t\t<a href=\"https:\/\/www.mopsmm.pl\/?p=2040\" >\n\t\t\t\tWsparcie kobiet w ci\u0105\u017cy i rodzin \u201eZa \u017cyciem\u201d\t\t\t<\/a>\n\t\t<\/h3>\n\t\t\n\t\t<a class=\"elementor-post__read-more\" href=\"https:\/\/www.mopsmm.pl\/?p=2040\" aria-label=\"Read more about Wsparcie kobiet w ci\u0105\u017cy i rodzin \u201eZa \u017cyciem\u201d\" tabindex=\"-1\" >\n\t\t\tCzytaj wi\u0119cej \u00bb\t\t<\/a>\n\n\t\t\t\t<\/div>\n\t\t\t\t<div class=\"elementor-post__meta-data\">\n\t\t\t\t\t<span class=\"elementor-post-date\">\n\t\t\t2025-01-07\t\t<\/span>\n\t\t\t\t<\/div>\n\t\t\t\t\t<\/div>\n\t\t<\/article>\n\t\t\t\t<\/div>\n\t\t\n\t\t\t\t\t\t<\/div>\n\t\t\t\t<\/div>\n\t\t\t\t\t<\/div>\n\t\t\t\t<\/div>\n\t\t<div class=\"elementor-element elementor-element-9588d10 e-flex e-con-boxed e-con e-parent\" data-id=\"9588d10\" data-element_type=\"container\" data-e-type=\"container\">\n\t\t\t\t\t<div class=\"e-con-inner\">\n\t\t\t\t\t<\/div>\n\t\t\t\t<\/div>\n\t\t\t\t<\/div>\n\t\t","protected":false},"excerpt":{"rendered":"<p>Realizowane projekty<\/p>\n","protected":false},"author":1,"featured_media":0,"parent":0,"menu_order":0,"comment_status":"closed","ping_status":"closed","template":"","meta":{"footnotes":""},"class_list":["post-978","page","type-page","status-publish","hentry"],"_links":{"self":[{"href":"https:\/\/www.mopsmm.pl\/index.php?rest_route=\/wp\/v2\/pages\/978","targetHints":{"allow":["GET"]}}],"collection":[{"href":"https:\/\/www.mopsmm.pl\/index.php?rest_route=\/wp\/v2\/pages"}],"about":[{"href":"https:\/\/www.mopsmm.pl\/index.php?rest_route=\/wp\/v2\/types\/page"}],"author":[{"embeddable":true,"href":"https:\/\/www.mopsmm.pl\/index.php?rest_route=\/wp\/v2\/users\/1"}],"replies":[{"embeddable":true,"href":"https:\/\/www.mopsmm.pl\/index.php?rest_route=%2Fwp%2Fv2%2Fcomments&post=978"}],"version-history":[{"count":16,"href":"https:\/\/www.mopsmm.pl\/index.php?rest_route=\/wp\/v2\/pages\/978\/revisions"}],"predecessor-version":[{"id":1020,"href":"https:\/\/www.mopsmm.pl\/index.php?rest_route=\/wp\/v2\/pages\/978\/revisions\/1020"}],"wp:attachment":[{"href":"https:\/\/www.mopsmm.pl\/index.php?rest_route=%2Fwp%2Fv2%2Fmedia&parent=978"}],"curies":[{"name":"wp","href":"https:\/\/api.w.org\/{rel}","templated":true}]}}